
What is the value of -10 + 5 + 0 - (-2 - (4 - -1))?
2
What is the value of 1 - -15 - (-572 - -588)?
0
What is -30 - -2 - (-257 - -197)?
32
What is (-10 - (6 - 1)) + (6 - 9)?
-18
What is 46 + -85 - -41 - 3?
-1
What is -17 - 1 - ((-7 - -31) + (68 - 96))?
-14
Calculate 3 + (2 - 4 - 1) - (-9 + 4).
5
What is (-1 + 3 - 14) + (-41 + -7 - -47)?
-13
Evaluate 34 + -26 + 34 + -25.
17
What is the value of 11 + -4 + (-8 + -7 + 1 - -31)?
24
(-10 - (-4 + 6)) + 6
-6
Evaluate (9 - (6 + 6)) + -6.
-9
What is the value of 2 - ((1 - (6 - 6)) + (2 - 4))?
3
What is 207 + -199 + -1 + -1 + -1 + 2?
7
Evaluate 2 + 5 + -20 + 37 + -24.
0
Calculate 1 - -16 - (-29 - 5 - -41).
10
Evaluate -10 + 0 + (-6 + 22 - 31) + 43.
18
-1 + 20 + (-117 - -100)
2
What is (20 - -26 - -1) + -22?
25
Calculate 1 + 5 + (6 - 14) + 2 + 4.
4
Evaluate (-12 + 5 + -3 - 6) + -2.
-18
-21 + 10 + 2 + 10 + (-24 - -10)
-13
Evaluate (-5 - (-2 + 4 + -3)) + (7 - 4).
-1
What is -2 - (-1 + (-6 - -7) - -6)?
-8
34 - (1 - (-18 - -8))
23
Evaluate 12 - (-10 + (23 - 8)).
7
Evaluate -2 + -5 + (-6 + -14 - -40).
13
Evaluate -3 + (-5 + -2 + 0 - -9) - 5.
-6
(-2 - -3 - -6) + (-25 - -12 - -17)
11
What is -14 + (32 - (28 - 10))?
0
What is 1 - (-16 - -30) - (-4 - -3)?
-12
Evaluate 1 + 20 - (222 - 213) - -7.
19
What is -25 + (25 - 18) + 0?
-18
What is 7 + -1 + 18 + -64 + 50?
10
(15 - 3) + (46 - 51)
7
Evaluate (4 - (11 + -5)) + -5.
-7
Evaluate (16 - 21) + -7 + 19.
7
What is (-217 - -218) + 8 + (-3 - -2)?
8
What is the value of -44 + 6 - ((-11 + 9 - 0) + 2)?
-38
What is the value of 13 + -30 + 7 - (-13 - -1)?
2
What is 4 + 2 + (8 - (4 - 7) - 8)?
9
What is the value of -30 - (21 - 37) - -18?
4
Evaluate -5 - (2 + 5 + -7 - (1 + -8)).
-12
Evaluate 4 - -2 - ((-27 - -28) + -2 + 5).
2
Evaluate (1 - 13) + (2 - -21) + (-1 - 0).
10
Calculate (-32 - (-33 + 12)) + 2.
-9
Calculate -6 - (7 - (-10 + 12)).
-11
What is 8 + -2 - 14 - (-2 - -4)?
-10
What is the value of -12 - (2 - (22 + -29))?
-21
What is ((7 - 11) + 12 + -5 - 8) + -10?
-15
Evaluate 4 - ((11 + -8 - 1) + (4 - 6)).
4
What is the value of 22 + -16 + 3 - 22?
-13
Evaluate -1 + -1 + 1 + 16 + (-18 - -11).
8
Calculate 29 + 3 + -85 + 78 - 10.
15
(-9 + -1 - -3) + (0 - -2) + -2
-7
What is the value of 5 + -1 + (5 - (-1 + 1))?
9
What is (-6 - -14 - -9) + -17?
0
What is -8 + (-11 - (1 + (7 - (8 - -7))))?
-12
Evaluate 1 + (-15 - (-3 + 4)) - -39.
24
2 - (5 + (-6 - 6))
9
Evaluate 0 - 1 - (-58 - -55 - (0 - -3)).
5
Evaluate (24 - (3 - -9)) + 3.
15
Evaluate -2 - (-11 - 3 - (-2 + 10 + -6)).
14
Evaluate 3 - 23 - (-34 - -9).
5
Evaluate -2 + (-4 - -8) + (66 - 67).
1
(15 - 11) + (13 - (-6 - -2 - -3))
18
Evaluate (-69 - -82) + -20 + 3 + 32.
28
Evaluate 17 + (-13 - (-5 - (4 + -3))) - 1.
9
13 + -11 + -4 + 0
-2
0 + -2 - ((15 - 43) + 24)
2
What is 1 - 45 - (-2269 + 2205)?
20
(-1 - (-19 + 4)) + (-14 - (-14 - -5))
9
Calculate 1 + -12 - (-13 + -7 + 21 + -28).
16
Calculate 78 + -62 + -1 + 5 + -2.
18
(6 - 2) + -11 + 7 + 18 - 5
13
Evaluate (17 - 9) + (18 - 31).
-5
5 + 2 - (4 - 7 - -4 - 0)
6
What is 1 + 1 - (-119 - -137)?
-16
What is the value of 31 + 33 + -93 + 27?
-2
(7 - 0 - (7 - (-10 + 19))) + 3
12
(-18 + -27 - -33) + (12 - -2)
2
(-2 - (5 - 8) - -2) + -7
-4
11 + -6 + -4 - (1 - -7)
-7
Calculate (-1 - -7) + -66 + 44 + 29.
13
Evaluate -1 + -11 + 5 - (-9 + -2 + 5).
-1
Calculate 10 - (10 + (-22 - (6 + -10))).
18
Calculate -9 - (-8 + 1 - (-13 - -16 - -5)).
6
What is -22 + 13 + (-1 - (0 + -11))?
1
Evaluate (2 - (11 - -5)) + (-4 - 0).
-18
Calculate -13 + -2 + -12 + 12 + (0 - -2).
-13
What is 6 + (-1 - (3 + -9))?
11
What is 16 + (-18 - -17 - 23)?
-8
Evaluate (-40 - -55) + -3 + 5.
17
Calculate -43 - -61 - (11 + 10).
-3
Calculate 2 - 21 - (166 + -199).
14
What is the value of (-3 + 7 - -3) + (21 - (0 + 13))?
15
Calculate -3 + (27 - 24 - 18).
-18
What is -1 + 3 + -11 + 5 + -2 + 26?
20
What is the value of -70 - -54 - ((4 - (2 + -3)) + 2)?
-23
Calculate 51 - (-10 - (-22 - 11)).
28
(8 - (-11 - -15)) + 7 - -7
18
Calculate 25 + -6 + -21 + 24.
22
What is the value of 93 + -95 - (-2 + -22 - -3)?
19
What is the value of 26 + (52 - 29) + -59?
-10
What is the value of -2 + -10 + (63 + -16 - -5)?
40
Calculate (-8 + 2 - 3) + 74 + -56.
9
Calculate 26 + (-6 - -9) - (6 + -9 + 2).
30
What is the value of (23 - 30) + 20 - (-1 - -9)?
5
Calculate 8 + (12 - (12 - 10) - 21).
-3
Calculate (-8 - -2) + -176 + 171.
-11
Calculate (5 - (7 + (-4 - -18))) + 2.
-14
5 + -13 + 0 + -89 + 85
-12
Evaluate -6 + 4 + -6 + (-13 - -5) + 36.
20
What is the value of (5 - (-3 + 2)) + 0 - (-40 + 40)?
6
(-7 - (-5 - 2) - 16) + 0
-16
Evaluate 0 - ((8 - 2) + -1) - (-6 + 1).
0
What is the value of 15 - (39 - 19) - ((-1 - -1) + 2)?
-7
Calculate -15 + 28 - (-2 - -8) - (9 + -3).
1
8 + -1 + -3 + (-10 - 8) + 0
-14
What is the value of -1 + 5 - (-24 + -26 + 61)?
-7
What is the value of 7 - (10 + (-11 - -21))?
-13
What is the value of 9 - (-10 - (-4 + -2) - -6) - 6?
1
What is the value of 13 - (-2 - (-16 - -12))?
11
Evaluate (-9 - -1) + 3 - (0 - -6).
-11
What is 7 - ((2 + 0 - 5) + 12) - -19?
17
What is (5 - -2) + (0 - (19 + -2))?
-10
Calculate 4 + -1 + 5 - (-4 + 16 + 7).
-11
Evaluate 8 - (14 - -8) - -8.
-6
What is the value of 5 + (-7 - 21) + 23?
0
What is the value of -2 + -6 - (-11 - (-14 - (10 + -4)))?
-17
What is the value of -24 + (4 - 13) - -19?
-14
Evaluate 18 - (-51 - -40 - -25).
4
What is the value of (50 - 53) + (1 - 3) + 2 + -3?
-6
Calculate (-30 - 20 - -49) + (-1 - 8).
-10
Evaluate 5 + 4 + -3 + -1 + (85 - 81).
9
What is -146 + 126 - (-4 - 14)?
-2
Evaluate 3 + 6 + -27 + 7.
-11
-9 + 14 + ((-5 - -4) + 5 - 5)
4
Calculate 3 + 0 + -18 + -36 + 77.
26
What is (-10 + 4 - -1) + (-3 - (-4 + 4))?
-8
Evaluate -9 + (-1 - (-3 + -1)) - (-11 + -2).
7
Calculate 82 + -91 - (3 + 18 + (-9 - -6)).
-27
What is the value of (61 - 32) + -35 + 39?
33
What is (17 - 19) + 9 + -9 + -2?
-4
Evaluate -10 + (-14 - -23) + 0.
-1
Evaluate 22 + 5 + -4 - (-1 - -4).
20
Evaluate -3 - ((-7 + 8 - 1) + -3).
0
What is -19 - (23 + -16 + -32)?
6
What is the value of 6 + (-1 + 8 - (-33 - -45))?
1
What is (-2 - (-15 + 11)) + 6?
8
What is the value of 9 - (18 + -8 + 8)?
-9
Calculate -24 + -5 + 21 + -3 + 0.
-11
-16 + (18 + -5 - 5) + 0
-8
What is the value of -3 - ((-3 - 3 - -11) + -6)?
-2
(-18 - 6) + (-24 - -69)
21
Calculate 7 - -19 - 31 - -26.
21
Evaluate -2 + (-4 - (2 + -3)) + -1.
-6
Evaluate -18 - (-55 + 9) - 20 - (0 - 17).
25
20 - (38 + (24 - 39))
-3
-6 - (8 + -1 - 0 - -9)
-22
6 + (17 - 7) + -9
7
Calculate -7 + (-1 - -6 - 2) + 4.
0
What is the value of 1 - (8 + 17 + -21 + (-3 - -1))?
-1
What is (0 - 6) + (23 - 35) - 11?
-29
What is (16 - (17 - (-2 + -17))) + -9?
-29
What is 2 + 0 - (-260 + 270)?
-8
What is 9 + 0 + 7 + -26 + 9?
-1
Evaluate -39 + -8 + 63 - ((-1 - -3) + -9).
23
Evaluate (0 - (4 + (2 - 5))) + -24 + -7.
-32
Calculate 3 - (6 + -12 - -14) - 4.
-9
1 + -9 - (9 + -13 + 4)
-8
Evaluate 21 - (25 - (-29 - -53)).
20
Calculate 60 - 68 - 9 - (4 + -1).
-20
Calculate 85 + -90 + (1 - -18).
14
Calculate -2 + (-5 - -1) + 12 - 10.
-4
What is -19 - (-41 + 15) - 29?
-22
What is the value of -18 + 1 + ((-15 - 2) + 24 - 7)?
-17
Evaluate -26 - ((-1 - -5) + (72 - 70) + -11).
-21
What is the value of 11 + (-1 - 11 - -10) - -9?
18
Calculate (-2 - -19) + -12 + -3 + (-9 - 1).
-8
(-4 - (-2 - (4 + -9))) + (8 - -21)
22
((-4 - -5) + -1 - 0) + (-26 - -25)
-1
Evaluate 86 + -95 - (-1 - 20).
12
Evaluate 28 + 22 + -45 + 14.
19
Evaluate -3 + -2 + 13 + -4 + 4.
8
Evaluate (-36 - -10 - 12) + 10 + 13.
-15
What is 25 + 3 + (-8 - (10 + -9))?
19
What is the value of -13 + 10 + 2 + -6 + 5?
-2
0 - (-6 - (4 + 4))
14
What is -29 + 7 + (39 - 12)?
5
Calculate 2 - (-4 - 20) - (23 + -4 - 11).
18
39 + -53 + (-1 - -16)
1
14 - (4 + 9 - 2)
3
Calculate (-100 + 97 + 0 + -15 - -3) + 5.
-10
-1 - (-3 + -1 + (2 - 8) + 4)
5
1 + 4 - ((-10 - -5) + 1 + 9)
0
Evaluate -6 - (-35 - (6 + -15)).
20
What is 18 - -3 - (25 + -15 - (0 - -3))?
14
Evaluate 27 - ((13 - 0) + 30).
-16
Evaluate (22 + -15 - -15) + -31.
-9
Evaluate -30 - (-19 + -14 + 24 + -6).
-15
Evaluate (173 - 166) + (5 + 2 - (-2 - -6)).
10
Calculate 0 - (-2 - (-10 - -10 - 7)).
-5
5 - -6 - (157 - 148)
2
Calculate 14 + 2 - (-115 - -124).
7
-90 - (1 + -93) - (-2 - (0 + 8))
12
-19 + (12 - -13) + -16
-10
Evaluate 4 + (3 + -2 - 4) + 5.
6
Evaluate 8 + 8 - 4 - (-19 + 35).
-4
Evaluate 7 - ((13 + 1 - -1) + (1 - 0)).
